n a is divided by 236.
111
Calculate the remainder when 341 is divided by (-328)/(-123)*(-2 + 57/6).
1
Suppose -19*i = -15*i - 8. Suppose 0 = -i*t - 4*b + 20, 8*t - 7*t - 14 = 2*b. What is the remainder when 35 is divided by t?
11
Suppose 2*l - 13 = 16*u - 15*u, 3*u - 4*l = -33. Calculate the remainder when ((-2)/4)/(u/((-5082)/(-3))) is divided by 63.
58
Calculate the remainder when ((1 + 0)/(-1))/((-221)/44642) is divided by 74.
54
Suppose -4*p + 16 = -4*v + 6*v, 0 = 3*p + 5*v - 5. Suppose 4*r = u - 0*r - 27, p*u = 4*r + 55. Calculate the remainder when 382 is divided by u.
4
Suppose 3*s + 4*p - 100 = 0, -69*p + 67*p = 4*s - 140. Calculate the remainder when 106 is divided by s.
34
Suppose 4*a = 81 - 61. Suppose 0 = 4*p + a - 161. Suppose 2*x - 25 = -g, -5*x - 2*g + g = -67. Calculate the remainder when p is divided by x.
11
Let p = -40366 + 40404. Suppose 4 = 3*j + 1. Let a = j + 109. What is the remainder when a is divided by p?
34
Let b(g) = 7*g - 89. Let p be b(13). Suppose 2*f - 5*r - 619 = 0, 118 + 506 = p*f - 4*r. Calculate the remainder when f is divided by 66.
58
Let n = 3163 + -2714. Calculate the remainder when 1351 is divided by n.
4
Let y = -4948 + 5233. What is the remainder when y is divided by 16?
13
Let y(g) = g**2 + 0*g**2 - 7 - 18 - g. What is the remainder when ((-2)/4)/(2/(-264)) is divided by y(-6)?
15
Let b(g) = 13*g - 245. Let a be b(19). What is the remainder when a/(-12) - (3314/(-12) + 0) is divided by 5?
1
Let c(f) be the first derivative of f**3/3 - 9*f**2/2 + 23*f - 190. Calculate the remainder when 34 is divided by c(6).
4
Let a = 1337 + -1323. Suppose r + 3*r = -140. Let q = a - r. What is the remainder when q is divided by 10?
9
Suppose 3*j + 144 + 24 = 0. Let r = 7 - 4. What is the remainder when 39 is divided by (-16)/(-12) - j/r?
19
What is the remainder when -2*(2/(2/(-3)) - (-455)/(-26)) is divided by 5?
1
Let f = 253 - 130. Suppose 5*k - f = -2*p, -4*p - 11 = -k - p. Calculate the remainder when k is divided by 8.
7
Let v(h) = 5*h**2 + 11*h + 10. Calculate the remainder when v(5) is divided by 69.
52
Suppose 4 = 3*a - 2, -2*f = -a. Let x(p) = 29*p**3 - 4*p + 3. Let d be x(f). Calculate the remainder when (d + -11)*(0 + 1) is divided by 14.
3
Suppose 110 = -4*j + 422. Let g = -87 - -131. What is the remainder when j is divided by g?
34
Suppose 4*d - 28 = -4*x, -3*d + 5*x - 7 = 12. Calculate the remainder when (-204)/3*(-3)/d is divided by 35.
32
Suppose 2*z + 888 = 2*d, 45*d - 5*z = 41*d + 1772. Calculate the remainder when d is divided by 119.
91
Suppose -5*z + 15 = -0. Let n be (42/63)/((-4)/114)*-4. Suppose n = r - 4*l, -z*r + 8 = 3*l - 160. Calculate the remainder when r is divided by 16.
12
Let b(v) = -v**3 - 23*v**2 - 57*v - 285. What is the remainder when 165 is divided by b(-21)?
15
Calculate the remainder when ((-672)/312)/(26/(-6253)) is divided by 504.
14
Let g(l) = -2*l**2 + 16*l + 237. Calculate the remainder when 667 is divided by g(15).
19
Let n(a) = -a**2 + 11*a - 28. Let j be n(8). Calculate the remainder when 3*-13*(-4 - -3) is divided by 10/j*(-4 + 0/(-2)).
9
Suppose -3*c - 470 = -5*c. Let j = c + -133. Suppose 2*s + 10*s - 140 = 8*s. Calculate the remainder when j is divided by s.
32
Let l(j) = 22*j - 294*j**2 + 3*j + 292*j**2 + 18. Let u be l(13). Suppose -u*v + 915 = 125. What is the remainder when v is divided by 32?
30
Suppose -11*w + 120 = -5*w. Suppose 3*j + w = 7*j. Suppose -p - 15 = -3*v, -4*p = 2*v - 0*p + 4. Calculate the remainder when j is divided by v.
1
Suppose 0 = -9*q + 108. What is the remainder when (-2)/(-2) - -18*q/8 is divided by 18?
10
Suppose -31 = -a + 1. Let p(c) = 6*c + 58. Let b be p(-9). What is the remainder when a is divided by 642/27 + b/18?
8
Let i(u) = -8*u + 24. Let b be i(2). Suppose -b*v - 156 = -884. Calculate the remainder when v is divided by 12.
7
Suppose 308*y - 310*y = -2*p - 42, -5*y = -3*p - 109. Let d = 194 + -38. What is the remainder when d is divided by y?
18
Let v = 4243 - 3252. What is the remainder when v is divided by 102?
73
Let p(x) = 64*x + 6800. What is the remainder when p(-71) is divided by 1122?
12
Suppose 5*g + 0 - 33 = -2*d, -10 = -2*g - 4*d. Let k = 992 + -984. Suppose f + 11 = l, -4*f + k = -0*f. Calculate the remainder when l is divided by g.
6
Suppose 2724*k + 2738*k + 144 = 5480*k. Calculate the remainder when ((-276)/(-5))/((-1)/(-5)) is divided by k.
4
Let o = -91 + 82. Let x(z) = -5*z + 63. Suppose -u + 5*r - 13 = -2*u, 3*u = 2*r + 90. What is the remainder when x(o) is divided by u?
24
Suppose 220 = -5*b + 16*b. Suppose -7*c + b = -3*c, 0 = -u + 4*c - 12. Suppose 5*h = 2*h + 165. Calculate the remainder when h is divided by u.
7
Let r(z) = -25*z + 1712. Calculate the remainder when r(24) is divided by 18.
14
Let s(c) = 24*c**2 - 2*c + 1. Let u(m) = -2*m**2 + 26*m + 20. Suppose d + 3*d - 52 = -4*f, 8 = 4*f. Calculate the remainder when u(d) is divided by s(1).
18
Let p = -16039 + 16240. Calculate the remainder when 354 is divided by p.
153
Suppose -25*x + 5 = -30*x. Let b be -128 - (-5 + 5 + x). Let o = -99 - b. Calculate the remainder when 83 is divided by o.
27
Let h = 368 - 2. Calculate the remainder when h is divided by 125.
116
Suppose 54 = 4*u + 5*x - 74, 0 = u + 4*x - 32. Let t = -85 + 153. What is the remainder when t is divided by u?
4
Let h(b) be the third derivative of b**5/60 + 7*b**4/12 + 35*b**3/6 + 60*b**2 - b. What is the remainder when h(-16) is divided by 25?
17
Suppose 256 = -42*r + 50*r. What is the remainder when 34 is divided by (-624)/(-45) + r/240?
6
Let r = -5592 + 5655. What is the remainder when 1874 is divided by r?
47
Let h(p) = 28*p + 635. Calculate the remainder when h(-10) is divided by 60.
55
Suppose 0 = -8*c - 2 + 154. Let y = 88 - 33. Calculate the remainder when y is divided by c.
17
Let v = -2007 - -2026. What is the remainder when 161 is divided by v?
9
Let j = 0 + 42. Let b be -7 - ((-6)/j + 22/7). Let h(t) = t + 23. What is the remainder when 25 is divided by h(b)?
12
Let o(i) = 8*i**3 - 6*i**2 - 12*i + 40. Calculate the remainder when o(4) is divided by 104.
96
Let y = -2461 - -2547. What is the remainder when 561 is divided by y?
45
Let q be (-90)/(-20)*8/(-6). Let u(f) = -6*f + 21. What is the remainder when u(q) is divided by 16?
9
Calculate the remainder when 3161 is divided by (-14 + 300)/11 + 262.
281
Suppose -5*v = -h - 149, 113 = 3*v + 2*h + 47. Calculate the remainder when 6*(12 + 2 + -1) is divided by v.
22
Suppose -26*v - 3*g = -31*v + 2573, -2*g = 4*v - 2032. Calculate the remainder when v is divided by 105.
91
Suppose 0 = -2*o + 7*g - 6*g - 8, -3*g + 3 = o. Calculate the remainder when 477/(-12)*4/o is divided by 6.
5
Let x(p) = -p**2 + 3*p + 58. Let a be x(9). Suppose 5*w + 35 = 5*d, -w + 11 = -a*d + 48. Calculate the remainder when 97 is divided by d.
7
What is the remainder when 3082 is divided by ((-5)/90 - 860/72)/(-2)?
4
Let z = -45 + 62. Suppose 95 = 6*y + z. Calculate the remainder when 77 is divided by y.
12
Let j(l) = 5*l - 3*l + 5 + 3*l + 4*l**2. Let o be j(-2). Suppose o*w = 175 + 67. What is the remainder when w is divided by 13?
9
Let d = 682 + -680. Suppose t + q - 50 = 0, 4*t - d*q - 113 = 81. Calculate the remainder when t is divided by 23.
3
Suppose -30 = 5*d - 470. Let l = d + -79. Suppose 2*k - l - 21 = 0. Calculate the remainder when 43 is divided by k.
13
Let f(n) = 7*n**2 + 4*n - 3. Let p be f(3). Suppose 4*x + 11*a - 9*a + 190 = 0, x + 65 = -4*a. Let q = p + x. What is the remainder when 49 is divided by q?
22
Suppose -59*y + 23871 + 3328 = 0. What is the remainder when y is divided by 70?
41
Suppose 0 = 2*p + 4*n - 256, -241 = 3*p + n - 605. What is the remainder when p is divided by -2 - (24 - 1)*(-3 - -2)?
15
Let f = 122 + -119. Let t be f*(-5)/((-30)/296). Let z = t - 138. What is the remainder when 34 is divided by z?
4
Let p = -592 - -669. Calculate the remainder when 334 is divided by p.
26
Let n = -47 - -84. Let l(z) = -z**3 + 35*z**2 - 32*z + 31. Let b be l(34). Let v = b - n. Calculate the remainder when v is divided by 13.
10
Let u = 301 - 214. Suppose -4*n = -5*w - 140, -3*w = -4*n + n + u. What is the remainder when (-28)/6*(w + 12) is divided by 19?
18
Let i = -3 + 2. Suppose 39 = -2*p + k + 191, 4*p - 310 = 5*k. What is 